*l - 5. What is the remainder when m(i) is divided by 18?
16
Suppose 11 = -n - 3*o + 16, 5*n + o = 25. Suppose 0 = 4*h - 3*g - 314, n*h - h + 4*g = 328. Calculate the remainder when 313 is divided by h.
73
Let n(q) = 2*q**3 - 4*q**2 + 3. Let v be n(2). Suppose -v*t = -115 - 119. Calculate the remainder when t is divided by 9.
6
Let f(j) = -2*j - 16. Let b be f(-11). Suppose b*u - 12*u = -1032. Calculate the remainder when u is divided by 22.
18
Let c(l) = -2*l**3 + 8*l**2 + 6*l - 6. Let r be c(4). Let i(f) = 5*f - 34 + 70 - 40 - 26. What is the remainder when i(r) is divided by 32?
28
What is the remainder when 734 is divided by ((-20)/30)/(4/(-30)) + 0 + 41?
44
Calculate the remainder when (285/30)/19*218 is divided by 32.
13
Let t be 279/27 - 7 - (-1)/(-3). Suppose -12 = c + t*i - 74, 405 = 5*c - 4*i. What is the remainder when 460 is divided by c?
75
Let k be ((-666)/15)/(23/(-805)). Suppose 6*g + 294 = k. Calculate the remainder when g is divided by 71.
68
Suppose 142*v = 135*v + 1127. Calculate the remainder when 492 is divided by v.
9
Let m(w) = 3*w**2 + 19*w + 7. Suppose 5*x = 5*h - 25, -x - 2*h + 0 = 8. Let g be m(x). Calculate the remainder when (-755)/10*(-2 - -1 - g) is divided by 51.
49
Let v be -4 - (-10)/(-15)*12/(-2). What is the remainder when (v/4)/4 - (-278)/2 is divided by 39?
22
Suppose 3*v + 45 - 129 = 0. Let u be (1/3)/((-6)/216). What is the remainder when 68 is divided by u + 8 + (v - 1)?
22
Suppose 530*j - 527*j - 63 = 0. Suppose 12 = 3*p, 0*p - 62 = -f - 5*p. Let a = -3 + f. Calculate the remainder when a is divided by j.
18
Let l(s) = s**3 + 6*s**2 - 21*s + 3. Let v be l(-8). Let p(w) = w**3 - w**2 + 117. Let t be p(0). Let q = t - v. What is the remainder when q is divided by 25?
24
Let f(h) = -h + 1. Let r(z) = 14*z + 38. Let v(l) = -6*f(l) - r(l). What is the remainder when (-3)/(-9)*(779 + -5) is divided by v(-12)?
50
Let w = -104 - -41. Calculate the remainder when 4/14 - 2880/w is divided by 6.
4
Let x(t) = -91*t**2 - 4*t + 3. Let p be x(1). Let m = -89 - p. Suppose m*g - 4*g = -3*v - 24, 0 = 5*v. Calculate the remainder when 45 is divided by g.
21
Let c = -4432 - -4464. Let g(j) = j**3 - 15*j**2 + 4*j - 4. Calculate the remainder when g(15) is divided by c.
24
Suppose -3*b + 5 = -2*t + t, b = 3*t - 9. Suppose b*a + 1080 = 7*a. Suppose -2*y + 7*y - a = 0. What is the remainder when 103 is divided by y?
49
Let i(u) = 7*u**2 - 35*u - 701. Calculate the remainder when i(-14) is divided by 116.
1
Suppose -5*q = -2*x + 262, 3*q - 5*x = q - 109. Let l = 48 + q. Calculate the remainder when (l/6 - (-38)/12)*6 is divided by 5.
0
What is the remainder when 5/3*89*6 is divided by (-40)/112*-238 + (-1 + 1 - -14)?
98
Let j(a) = 675*a + 6263. Calculate the remainder when j(-9) is divided by 43.
16
Suppose 4*u + 2 = -2*x - u, 0 = x - u - 13. Let g be 0 + (1*20)/2. Calculate the remainder when (-30)/9*(-96)/g is divided by x.
5
Suppose -2*r + 140 = -64. Let i = -473 - -402. Calculate the remainder when r is divided by 13/(-26) + i/(-2).
32
Suppose -2785 = -34*d + 921. What is the remainder when 338 is divided by d?
11
Suppose 3*t - 2*z = z, 12 = 2*t + z. Suppose -15 = t*v - 7*v. Suppose v*a + 35 = 120. Calculate the remainder when 47 is divided by a.
13
Suppose 6*l - 2431 = 19*l. Let j = -168 - l. Let o = -8 - -12. What is the remainder when j is divided by o?
3
Let x = -3550 + 8850. What is the remainder when x is divided by 11?
9
Suppose 2*x = t - 10, -3*t - 2 = -4*t. Let j be ((-50)/x)/((-15)/(-60)). Suppose -j = -2*q + 78. Calculate the remainder when q is divided by 17.
13
Let i(y) = -5*y**3 - 16*y**2 - 15*y + 33. Let u be i(-8). Suppose -291 = -10*m + u. What is the remainder when m is divided by 68?
62
Suppose 234*g - 116732 = -74*g. What is the remainder when g is divided by 74?
9
Let v = 1494 + 343. Calculate the remainder when v is divided by 16.
13
Let f be (-20 + 8)/((-3)/3). Suppose 716 = f*j - 1192. What is the remainder when j is divided by 6?
3
Suppose -114*h - 2795 + 2647 = -1858. Let m(r) = -r**2 + r. Let s be m(3). Calculate the remainder when (-1)/(-3) + (-214)/s is divided by h.
6
Let y = -1447 + 1463. Suppose 8*m - 6*m = 16. What is the remainder when y is divided by m?
0
What is the remainder when 71 is divided by 37 + (16 - 1)*19/57?
29
Suppose 0 = 43*g - 353 - 5624. Let r = g - 106. What is the remainder when r is divided by 11?
0
Let f(p) = p**3 + 26*p**2 + 49*p - 102. Calculate the remainder when f(-21) is divided by 83.
78
Let m(a) be the second derivative of -a**4/12 - 5*a**3/3 - 7*a**2/2 + 2*a. Calculate the remainder when m(-6) is divided by (25/50 - 74/(-12))*(-6)/(-5).
1
Let g = -2301 - -2365. Calculate the remainder when 544 is divided by g.
32
Let n(h) = -7405*h - 16532. What is the remainder when n(-6) is divided by 150?
148
Let t(m) = -m**3 + 5*m**2 + 24*m - 95. Let n be t(6). Suppose n = 5*d - 12, 0 = -5*q + 4*d + 20. Calculate the remainder when 25 is divided by q.
1
Let l = 9082 + -8852. Suppose 23 = a - 16. What is the remainder when l is divided by a?
35
Suppose -5*t - 2*t - 2*t = 0. Suppose 2*b + 4*c - 9*c = 175, t = 3*b + 4*c - 320. What is the remainder when b is divided by 18?
10
Calculate the remainder when 204 is divided by 404/14 + ((-5)/(-25) - 4/70).
1
Calculate the remainder when 3905 is divided by 138/(-8)*((-30)/(-18) - 3).
18
Suppose 17*y - 30 = 11*y. Suppose -y*n + 35 = -5. Calculate the remainder when 19 is divided by n.
3
Let o = -213 + 222. Suppose 3*q = 88 + 92. Calculate the remainder when q is divided by o.
6
Suppose 889 = 7*z - 4*z - 2*k, z = -5*k + 285. What is the remainder when (-1 - 49)*(-118)/z is divided by 0 + 2 + 2/2?
2
Let u = -112 - -117. Suppose -u*w - 24 = -8*w. What is the remainder when w is divided by 1?
0
Let u = -33656 - -33676. What is the remainder when 1213 is divided by u?
13
Suppose -3*r - 117 = m - 350, -178 = -2*r + 5*m. Calculate the remainder when 1023 is divided by r.
75
Let a(x) = -11*x - 132. Suppose 28 = 8*n - 4*n. Calculate the remainder when a(-14) is divided by n.
1
What is the remainder when 575 is divided by -1 + 9/7 - 304110/(-6510)?
11
Suppose 57*x = 78*x - 588. Suppose 0 = 2*r - 5*c - 327, 2*r + 2*c - 321 = 5*c. What is the remainder when r is divided by x?
16
Let q be (8 - -84)/(1 + 3). Suppose 324 = -q*p + 35*p. Calculate the remainder when p is divided by 13.
1
Suppose -165*s - 46*s = -42*s - 19773. What is the remainder when 4444 is divided by s?
115
Suppose -130*z + 40 = 2*b - 126*z, -2*b + 35 = -z. Let v = -419 + 616. Calculate the remainder when v is divided by b.
17
Suppose -6*v = 5*x - 394, -v - 241 = -7*x + 4*x. Calculate the remainder when 627 is divided by x.
67
Suppose 121*c + 217 = 9171. What is the remainder when 1922 is divided by c?
72
Suppose -58131*d + 58167*d - 890 = 46. Let n = -6 - -49. Calculate the remainder when n is divided by d.
17
Let p(o) = o**3 + 4*o**2 - 2*o + 1. What is the remainder when (-5560)/(-12) + -5 + 10/15 is divided by p(2)?
18
Let h be (-716)/(-30) - (-58)/435. Calculate the remainder when 102/h - 4 - 2648/(-32) is divided by 34.
15
What is the remainder when 386 is divided by ((-84)/48)/(((-20)/192)/5)?
50
Let r = 16 + -11. Suppose 9*i = -3*d + r*i + 99, -4*d + 122 = 2*i. Calculate the remainder when 56 is divided by d.
27
Suppose -415*r = -143*r + 34 - 306. Let h(b) = b**3 + 6*b**2 - 9*b + 5. What is the remainder when h(-7) is divided by r?
0
Let n be (-84)/9 + (-6)/(-27)*6. Calculate the remainder when 80 is divided by n/48 + 103/6.
12
Suppose -36*v = -28*v - 1344. Suppose 13*f = 7*f + v. Calculate the remainder when 446 is divided by f.
26
Let j be (-2)/(-4)*(25 - 21). Suppose 0 = -12*q + 7*q - 4*b + 96, 0 = j*q + b - 36. Calculate the remainder when q is divided by 7.
2
Suppose 4*s - 427 + 51 = 0. Let w(o) = -125*o + 1285. Calculate the remainder when s is divided by w(10).
24
Suppose 9 = 3*t, 6*v - 27 = 3*v - 5*t. Let w(z) = z**3 + 6*z**2 - 5. Let k be w(-6). Calculate the remainder when (-188)/k + v/10 is divided by 7.
3
Suppose 12 + 8 = 4*c, 98 = -2*z - 2*c. Let i = z - -56. Suppose i*m = m + 3*y + 99, 4*y = -5*m + 552. What is the remainder when m is divided by 22?
20
Suppose -2*m - 3*g - 15 = 0, 27 = -2*m - 4*g + 9. Let v(k) = -k**2 - 4*k + 10. What is the remainder wh